 -11*g - 5. Let p be y(-2). Let l(r) = 75*r**2 - 3*r - 23. Let t(m) = -25*m**2 + m + 8. Let b(j) = p*t(j) + 6*l(j). Does 3 divide b(-1)?
True
Suppose 36*x = 68125 + 42035. Does 15 divide x?
True
Suppose 0*l - 11 = -2*l - 3*s, -5*l + 5*s - 10 = 0. Let b(m) = 202*m - 2. Is b(l) a multiple of 25?
True
Let h = 30245 - 6689. Is h a multiple of 8?
False
Suppose 97719*y - 97729*y = -51000. Is y a multiple of 15?
True
Suppose 3 = -g - 165. Let w = -746 - -1074. Let h = w + g. Is 16 a factor of h?
True
Let f(p) = -p**3 + 5*p**2 + 2*p + 4. Let z(i) = -i**3 - 4*i**2 - 8*i - 60. Let n be z(-5). Is f(n) even?
True
Let m be 34*-10*(-4)/(-10). Let p = m + 216. Does 16 divide p?
True
Let m = -30 - -57. Let u(i) = m - 22 + 0*i**2 - i**2 + 9*i. Is 9 a factor of u(8)?
False
Let p = -895 + 1351. Is p a multiple of 11?
False
Let k be (-6)/(-5)*(30/4 + -5). Suppose 719 = k*c - 646. Is 32 a factor of c?
False
Let f(x) = 20*x**2 + 3*x - 31. Does 5 divide f(7)?
True
Let u be ((-9)/6)/(24/16). Let g be (0 + -1 + u - -14) + 1. Suppose -g*i = -9*i - 88. Is 22 a factor of i?
True
Let o = 8158 + -8163. Let r(z) = -12*z - 25. Let n(b) = 1. Let w(a) = 5*n(a) + r(a). Is 20 a factor of w(o)?
True
Suppose 0 = -3*w - 3*f - 705 - 2304, -4*f - 1000 = w. Is 13/39 - w/12 a multiple of 21?
True
Does 33 divide 3*(17 - 4314/(-9))?
False
Let n be 552*(-6 - 135/(-20)). Let a = n - 243. Does 9 divide a?
True
Suppose 5*v + 5 = 30. Suppose 5*o = 5*t - 110, 5*t - v*o = -6*o + 86. Is t a multiple of 6?
True
Let l = 4321 - 562. Is 21 a factor of l?
True
Let p = -21 + 21. Suppose -4*w + 16 + 0 = p. Suppose -w*k + 539 = 3*k. Does 16 divide k?
False
Suppose 12*l - 89658 = -25*l - 11736. Is l a multiple of 9?
True
Let n = -65 - -62. Let c = n + 7. Suppose 3*r - 194 = 2*i - 2, -c*r + i = -256. Is r a multiple of 32?
True
Let x = -316 - -318. Suppose x*o - 2808 = -4*h, -4*h + 1203 + 1577 = -5*o. Is h a multiple of 14?
True
Let l(q) = -q**2 + 10*q - 12. Let y(j) = -j**2 + 4*j + 53. Let m be y(-5). Let g be l(m). Suppose 345 = g*z + 5*c, 2*c - 3*c = -2*z + 155. Does 7 divide z?
False
Is 33 a factor of ((-29223)/6 + 3)*(-72)/90?
True
Let u(d) = 2*d**3 + 15*d**2 + d + 1520. Does 8 divide u(0)?
True
Let q be -5 - (0 - ((0 - -3) + 10)). Let k(a) = a**3 - 6*a**2 + 5*a. Let n be k(5). Suppose n = -m - 3*m + q, -49 = -y + m. Does 14 divide y?
False
Let d = -12872 + 28844. Is 22 a factor of d?
True
Suppose -4*z - 80407 + 26025 = -3*m, -5*m - 2*z + 90602 = 0. Is m a multiple of 11?
False
Let n be (-5 + 87/12)*4. Suppose -n*c + 5*c = -52. Does 4 divide c?
False
Let f be 374/(-51)*-15*-1*1. Let w = 44 + f. Let t = w - -138. Is 11 a factor of t?
False
Suppose 3*r - 42401 = -l, -4*r + 0*l = -4*l - 56572. Is 124 a factor of r?
True
Let w = 68 + -89. Is 2/(114/(-546) + (-6)/w) a multiple of 2?
True
Suppose 16*h = -423 - 3049. Let a = -44 - h. Is a a multiple of 9?
False
Let u(x) = x**3 + 7*x**2 + 2*x + 21. Let p be u(-7). Let m be 19/p - 8/(-28). Suppose m*w - 10*w = -119. Does 4 divide w?
False
Is (16856/40 + -6)*5 a multiple of 17?
False
Suppose 19*k - 15*k + 399 = -t, 3*t + k + 1219 = 0. Is (-5432)/(-11) + (-74)/t a multiple of 19?
True
Let i = -116 + 162. Suppose -48*j + i*j - 6 = 0. Is 9 a factor of (-273)/(-5) + (24/(-20))/j?
False
Suppose 48*d - 927 + 15 = 0. Let j(f) = 0*f**2 - 8 - 4*f**2 - 15*f + 5*f**2. Does 17 divide j(d)?
True
Let i(d) = 30*d - 10*d + 311 - 17*d. Is 55 a factor of i(39)?
False
Let n = -254 + 528. Suppose 4*a - 4 = 2*x - n, -735 = -5*x - 2*a. Is x a multiple of 14?
False
Suppose -23*n = -27*n + 4. Let j be (5 + -5)*1/n + 3. Is (-4)/(-8) - ((-47)/2 - j) a multiple of 10?
False
Suppose 0 = -23*r + 24*r - 20. Let t = -9 + r. Let c(o) = 2*o**3 - 22*o**2 + o - 2. Does 9 divide c(t)?
True
Does 5 divide 1684 - ((-8)/(-6))/((-23)/(-69))?
True
Let r(u) = 183*u - 118. Let p = -47 + 52. Does 26 divide r(p)?
False
Suppose 8 = 2*z, -w + 0*w = -5*z + 94. Let s = w + 149. Let y = s - 52. Does 7 divide y?
False
Suppose 38 = -18*y + 2054. Suppose -4*f + 392 = -y. Is 16 a factor of f?
False
Suppose -5*n + 207 = -4*z, 3*n + 4*z - 52 = 53. Let g = n + -34. Suppose 0 = -g*r - 5, 5*w - 5*r + 2*r - 118 = 0. Is 6 a factor of w?
False
Let c(i) = -4*i - 6. Let l be c(-4). Suppose -4*q = -5*a - 20, -2*q + 4*a + a + l = 0. Suppose 605 + 0 = q*v. Is v a multiple of 42?
False
Let j(n) = n**3 - 4*n**2 + 11*n - 26. Let p be j(4). Let s = -6 - -10. Suppose 96 = 4*k + l - p, s*l - 64 = -2*k. Is 14 a factor of k?
True
Let f(s) = -2*s**2 - 5*s - 3. Let l be f(-2). Let n be 6*l*(-20)/15. Let k(v) = v**2 - 7. Is 3 a factor of k(n)?
True
Suppose -632*s - 194106 = -654*s. Does 17 divide s?
True
Suppose 141*u - 5*p = 144*u - 23745, 0 = 5*u - 3*p - 39609. Is u a multiple of 25?
False
Suppose 343*c + 1838129 - 13217497 = 0. Is c a multiple of 143?
True
Let t(g) = -3*g**3 + 50*g**2 + 41*g - 9. Let u be t(17). Suppose 0 = 5*z - 3*v - 570, 4*v = -3*z - 28 + u. Does 7 divide z?
False
Suppose -5*u = 4*p - 64, 2*p = -p - 12. Suppose -6*f + u = -2. Suppose f*s = -6, 4*x - 4*s = 3*x + 16. Does 8 divide x?
True
Let g be (5/(50/16))/((-5)/200). Let b = g + 71. Does 6 divide b*78/10 - (-6)/(-10)?
True
Suppose 4*w = 3*d - 5413, -19*d + 5389 = -16*d + 2*w. Suppose -4*s - 1511 = -d. Does 8 divide s?
True
Suppose 45*g - 28*g = 14416. Suppose v + 16 = g. Does 52 divide v?
True
Let t = -2566 + 1513. Let j = t - -1789. Does 32 divide j?
True
Let y be (-3)/21*4 - (-32)/7. Let v be y/64*12 + 45/4. Is 22 a factor of (2200/v)/5*6?
True
Let k be (-1 + 57/12)/(9/(-336)). Let i = -96 - k. Is i a multiple of 6?
False
Let m(c) be the second derivative of -c**4/24 + 4*c**3 + 6*c**2 - 3*c. Let g(s) be the first derivative of m(s). Is g(11) a multiple of 13?
True
Let j(m) = 31*m + 3. Let n be j(4). Let l = 87 + n. Suppose -4*y + 100 = 2*a, 0 = -0*a - 5*a - y + l. Does 14 divide a?
True
Suppose -6*h = 23 + 1. Let b(u) = 23*u + 2. Let s be b(h). Let x = s + 210. Is x a multiple of 13?
False
Suppose 2*y + 34 = 36*y. Is 373*y + -30 + 38 a multiple of 15?
False
Is 124 a factor of 1/(((-129)/8928)/(-43))?
True
Suppose 0 = 40*w + 7828 - 50948. Is w a multiple of 5?
False
Let l(k) = k**3 - 10*k**2 - 12*k + 15. Let q(x) = -x**2 + x + 11. Let z be q(0). Let y be l(z). Suppose y*w + 33 = 7*w. Does 5 divide w?
False
Suppose 0 = k + 3*k - 20. Let z = 75 + 230. Suppose -5*d + z = 2*u, 0*u + k*u = -25. Is 12 a factor of d?
False
Is 23 a factor of 46/(-6)*((-18)/(-10))/((-666)/2168940)?
True
Let p(u) = -u**3 + 5*u**2 - 4*u + 5. Let w be p(5). Let b = w + 17. Let l(q) = 6*q**2 - 2*q + 4. Is 24 a factor of l(b)?
True
Suppose 2*c = -3*i - 12, 2*c - 2*i + 2 = -0*i. Let y be (c - -7) + -2 + -9. Is ((-84)/(-98))/((-1)/y) even?
True
Suppose 4*w = -4*c + 14532, -5*w + 3625 = c - 0*c. Let k = c - 2590. Is 19 a factor of k?
True
Let z = 9445 + -3625. Is z a multiple of 52?
False
Let z(a) = -15*a**2 - 2*a + 4. Let m be z(2). Does 8 divide 4264/30 - m/(-450)?
False
Let u = 76332 + -52377. Is 40 a factor of u?
False
Let u = -11186 - -15591. Does 26 divide u?
False
Let a(v) = -34413*v**3 - 5*v**2 - 78*v - 76. Does 10 divide a(-1)?
True
Suppose -17*n + 15710 + 16940 + 15103 = 0. Does 14 divide n?
False
Let y(k) = 5932*k**2 - 20*k + 22. Does 35 divide y(1)?
False
Let o(q) = 129*q**2 + 101*q + 387. Is o(-4) a multiple of 23?
True
Is 86358*(-5 + (3 - 35/(-14))) a multiple of 336?
False
Let k = 66 + -58. Suppose 3*v - 4*v - 3*a + k = 0, 0 = v + a - 6. Suppose 2*o - v*o = b - 26, -3*o + 15 = 0. Is b a multiple of 11?
True
Suppose -4*c + 5*g = 4*g + 56, 0 = 3*c - 3*g + 33. Let n = 97 - c. Is 8 a factor of n?
True
Suppose -i - 91 = -93. Let o(w) = 0*w**2 - 4 + 3*w**2 + 3*w**3 + 2*w - 3*w + 0*w**2. Is o(i) a multiple of 7?
False
Suppose 3*j = -j + 8. Suppose -27 = -2*v - 5*y, v - 2*v - j*y = -12. Is 4 a factor of ((-12)/8)/(v/(-20))?
False
Suppose -b = -2016 - 2354. Is b a multiple of 46?
True
Suppose 8*q - 26 = 6. Suppose -q*n + 2*h = -424, -4*h = -4*n + h + 430. Does 3 divide n?
True
Let v(h) = -11*h + 3. Let n(l) = -6*l + 1. Let u(c) = 5*n(c) - 3*v(c). Let i be u(6). Suppose 0 = 8*t - 7*t - i. Is t a multiple of 7?
True
Let j(b) = 3*b - 9. Let g be j(8). Let p = -12 + g. Suppose p*o + t = 269, o + 439 = 6*o + 4*t. Does 9 divide o?
False
Let f(b) = -b + 3. Let l be f(-1). Let g(w) = -15*w + 